2
Convert 212000101 (base 3) to base 10.
16777
What is 100011001 (base 2) in base 13?
188
Convert 2 (base 6) to base 10.
2
Convert -55341 (base 11) to base 9.
-132086
What is -2461 (base 8) in base 9?
-1736
What is 1dd5 (base 16) in base 5?
221022
Convert -174 (base 16) to base 14.
-1c8
What is -234312 (base 6) in base 15?
-60b5
Convert 14b16 (base 13) to base 8.
114473
-13110 (base 4) to base 12
-330
What is -186 (base 10) in base 15?
-c6
Convert -d (base 16) to base 12.
-11
1012021 (base 3) to base 13
520
585 (base 15) to base 12
882
Convert 254 (base 9) to base 7.
421
-21a (base 14) to base 3
-120102
Convert -34b (base 15) to base 10.
-746
-2a0c (base 16) to base 9
-15680
333 (base 13) to base 16
225
What is -3781 (base 12) in base 8?
-14221
What is 1001512 (base 6) in base 14?
13216
Convert -442 (base 13) to base 10.
-730
-1333 (base 11) to base 4
-123002
What is -32d0 (base 14) in base 6?
-104434
Convert -c972 (base 14) to base 4.
-20133220
Convert 2178 (base 10) to base 4.
202002
Convert -6755 (base 11) to base 10.
-8893
Convert 4264 (base 7) to base 8.
2754
52 (base 6) to base 12
28
Convert -34c (base 13) to base 8.
-1073
Convert 117 (base 12) to base 10.
163
Convert 140 (base 12) to base 14.
da
What is -786 (base 13) in base 6?
-5553
What is 302221 (base 4) in base 9?
4401
What is -105240 (base 6) in base 10?
-8952
Convert 30142 (base 5) to base 7.
5414
2433123 (base 5) to base 8
131726
Convert -27870 (base 11) to base 4.
-21223130
-49a (base 15) to base 14
-549
300033 (base 4) to base 14
11a7
-1560 (base 13) to base 8
-6060
Convert 111220 (base 3) to base 13.
22b
50a (base 15) to base 8
2157
626 (base 7) to base 5
2224
What is -1770 (base 11) in base 7?
-6401
-733 (base 12) to base 3
-1102210
Convert -2241 (base 5) to base 13.
-1b9
Convert 3a4 (base 13) to base 6.
2545
Convert 6022 (base 7) to base 3.
2211211
What is 1234 (base 11) in base 9?
2178
What is -192b (base 12) in base 10?
-3059
What is 2177 (base 9) in base 16?
649
-325 (base 13) to base 14
-2a6
-223 (base 13) to base 15
-197
1032 (base 10) to base 5
13112
20154 (base 7) to base 15
16b0
Convert -639 (base 12) to base 16.
-38d
Convert 10011111011 (base 2) to base 13.
771
What is -1222110 (base 4) in base 3?
-100100000
3d0 (base 16) to base 5
12401
Convert -34353 (base 6) to base 7.
-20160
-11022002 (base 3) to base 5
-100014
What is -20131003 (base 4) in base 10?
-34627
Convert -322324 (base 6) to base 2.
-110011101101100
What is 23233 (base 6) in base 7?
12501
What is 1101000 (base 2) in base 7?
206
1110010122 (base 3) to base 13
cca7
What is 1a81 (base 12) in base 7?
12343
What is -829c (base 13) in base 10?
-18043
What is -103 (base 11) in base 8?
-174
Convert -6c4 (base 14) to base 9.
-1757
Convert 192 (base 15) to base 11.
2aa
What is -1001101000 (base 2) in base 10?
-616
What is -224004 (base 5) in base 9?
-11873
240 (base 13) to base 12
286
What is -155 (base 13) in base 11?
-1a8
2215 (base 7) to base 16
31c
-73e (base 15) to base 2
-11001100010
What is -3102 (base 5) in base 4?
-12102
Convert 110100000101101 (base 2) to base 3.
1100120202
What is 232 (base 11) in base 6?
1141
10 (base 12) to base 3
110
What is 573 (base 15) in base 16?
4d1
Convert -14b5 (base 12) to base 4.
-212021
Convert -7e2 (base 16) to base 9.
-2682
What is 42b (base 16) in base 12?
74b
What is -101000100101 (base 2) in base 11?
-1a51
-3421 (base 9) to base 14
-cca
-423202 (base 5) to base 6
-145345
-6105 (base 11) to base 10
-8112
663 (base 13) to base 11
906
What is -1d71 (base 15) in base 11?
-48a4
Convert -d08 (base 16) to base 10.
-3336
What is 21331 (base 5) in base 11?
1113
Convert -1110010011110111 (base 2) to base 12.
-29b07
1011000000100 (base 2) to base 14
20a8
-1323 (base 7) to base 8
-773
What is 1222 (base 13) in base 5?
40223
-55213 (base 7) to base 3
-200222011
What is -877 (base 9) in base 2?
-1011001110
What is -354a (base 15) in base 16?
-2c38
What is 14243 (base 5) in base 8?
2256
4b1 (base 13) to base 7
2251
What is -10011111001011 (base 2) in base 15?
-3042
71244 (base 8) to base 16
72a4
2112 (base 3) to base 15
48
210214 (base 5) to base 7
26134
What is 9246 (base 12) in base 2?
11111000010110
What is 6656 (base 10) in base 3?
100010112
2012211 (base 3) to base 14
835
What is 41a2 (base 16) in base 3?
212001022
What is -3444111 (base 5) in base 4?
-33033012
What is 94 (base 16) in base 7?
301
What is 332 (base 10) in base 13?
1c7
What is -b92 (base 12) in base 7?
-4640
3673 (base 9) to base 10
2739
Convert a2b (base 16) to base 4.
220223
Convert 119 (base 12) to base 14.
bb
-4015 (base 7) to base 6
-10224
Convert -1205 (base 6) to base 16.
-125
What is -7231 (base 11) in base 16?
-2579
-ec9 (base 16) to base 9
-5165
Convert 101010011110 (base 2) to base 7.
10632
Convert -16342 (base 8) to base 14.
-29a2
Convert -14bd (base 16) to base 11.
-3a97
What is -334 (base 5) in base 3?
-10111
Convert -134 (base 9) to base 8.
-160
Convert -101111011 (base 2) to base 14.
-1d1
Convert -1200121 (base 3) to base 13.
-739
What is -155 (base 10) in base 7?
-311
-43325 (base 6) to base 14
-2257
Convert -12200100 (base 3) to base 10.
-4140
Convert -44 (base 13) to base 12.
-48
What is -4162 (base 9) in base 13?
-150b
What is 332333 (base 4) in base 10?
4031
1342 (base 9) to base 7
2642
-265 (base 16) to base 2
-1001100101
What is 2411 (base 5) in base 2?
101100100
What is 13300 (base 5) in base 10?
1075
What is 11220 (base 5) in base 12?
576
What is 806 (base 11) in base 2?
1111001110
-27 (base 16) to base 4
-213
What is 2335 (base 15) in base 2?
1110100110011
-2a7 (base 15) to base 8
-1137
Convert 221013 (base 5) to base 9.
11421
What is 22012 (base 6) in base 10?
3032
Convert -61557 (base 10) to base 16.
-f075
Convert 707 (base 12) to base 7.
2650
What is -88 (base 13) in base 8?
-160
2202 (base 6) to base 3
200202
Convert 65 (base 7) to base 9.
52
35d (base 14) to base 6
3035
22b1 (base 12) to base 3
12022121
Convert 252e (base 16) to base 14.
367c
-6606 (base 10) to base 4
-1213032
What is 10111 (base 6) in base 2?
10100111011
-114 (base 11) to base 9
-161
100010110111000 (base 2) to base 7
103015
209 (base 12) to base 7
603
Convert -110110110101 (base 2) to base 15.
-108e
-3b56 (base 13) to base 9
-12617
Convert 55351 (base 8) to base 9.
34828
635 (base 9) to base 13
30b
-121201 (base 3) to base 14
-243
Convert 22ba (base 12) to base 4.
330232
-21121 (base 3) to base 7
-412
-1069 (base 10) to base 6
-4541
Convert -5252 (base 6) to base 2.
-10010100000
Convert -12120120 (base 3) to base 16.
-fe1
Convert -221202 (base 3) to base 12.
-49b
Convert 61 (base 12) to base 3.
2201
What is -12320 (base 4) in base 10?
-440
What is 840 (base 11) in base 8?
1764
Convert 3383 (base 13) to base 12.
4205
What is 2300112 (base 4) in base 7?
44622
Convert 522255 (base 6) to base 3.
2010121222
-a02b (base 15) to base 11
-2342a
24233 (base 8) to base 14
3b07
What is -174 (base 10) in base 6?
-450
What is -620 (base 9) in base 5?
-4004
What is 132c1 (base 14) in base 9?
71674
Convert -467c (base 13) to base 11.
-7495
What is 249 (base 14) in base 13?
292
What is 67 (base 16) in base 12?
87
41747 (base 9) to base 4
12232333
Convert 1100011 (base 2) to base 14.
71
111011001101 (base 2) to base 13
1956
What is -794 (base 13) in base 14?
-692
-100010111011 (base 2) to base 8
-4273
Convert 20335 (base 10) to base 2.
100111101101111
What is -111000111111 (base 2) in base 14?
-1487
What is 475 (base 15) in base 12?
702
4252 (base 6) to base 7
2552
What is 36b (base 12) in base 4?
20003
Convert 527 (base 11) to base 13.
39a
What is -21197 (base 11) in base 13?
-11064
What is ac2 (base 13) in base 16?
738
What is 77361 (base 9) in base 11?
35622
What is 2114 (base 6) in base 13?
2aa
-4049 (base 16) to base 14
-5dd7
What is 457 (base 8) in base 13?
1a4
What is 2c1 (base 13) in base 2?
111101111
Convert -22666 (base 11) to base 14.
-bd0a
What is 12d2 (base 14) in base 3?
11112222
Convert 344 (base 5) to base 8.
143
Convert 2b7a7 (base 12) to base 7.
344431
Convert -3031 (base 7) to base 9.
-1387
What is 1230 (base 7) in base 4?
13032
-1161 (base 11) to base 7
-4300
Convert -111001001 (base 2) to base 5.
-3312
What is 351 (base 7) in base 9?
223
What is -5044 (base 8) in base 12?
-1604
What is -41324 (base 5) in 